 - t. Is g(o) a prime number?
False
Let w = -559 + 1309. Suppose -2*h - 4*k = -w, 3*h - 3*k = -0*k + 1089. Is h a composite number?
False
Let j(y) = -y**3 - 2*y**2 + 2*y + 1. Let w be j(-3). Suppose 5*f - 4*f - g = 160, 4*f - 648 = -w*g. Is f prime?
False
Let t be (-6)/21 + 1914/(-14). Let y = 16 - t. Suppose 11 = 2*x - y. Is x prime?
False
Let n(w) = -41*w**2 - 9*w + 1. Let c be n(-8). Let a be 3 + (c - (0 + 2)). Is (-2)/3 - a/18 a prime number?
False
Suppose -355 = -h - 2*f, -5*h + 6*f = f - 1775. Is h prime?
False
Suppose 836 = -2*g + 2*u + 5234, 3*u = 2*g - 4394. Is g composite?
False
Suppose 34*t + 43905 = 49*t. Is t composite?
False
Suppose 0 = 4*p + 4, -6*p + p + 1150 = 5*t. Suppose -18*x + 17*x = 98. Let b = t + x. Is b prime?
False
Let g(t) = 162*t**3 - 12*t**2 - 17*t + 48. Is g(5) a prime number?
True
Suppose 9*v + 20938 - 109093 = 0. Suppose 11*r - 18464 = v. Is r composite?
True
Let b(q) be the second derivative of -5*q + 29/6*q**3 + 0 + 5/2*q**2. Is b(6) composite?
False
Let x(o) = o + 6. Let d be x(-4). Suppose 4 - 18 = 4*t - d*m, 3*t + 2*m = -7. Let i(h) = -7*h**3 + 5*h**2 + 3*h - 2. Is i(t) a prime number?
True
Suppose -564 + 201 = -3*b. Suppose i + b = -v + 461, 0 = -5*v - 4*i + 1697. Is v a composite number?
False
Suppose -h + 2 = 14. Let m = -12 - h. Suppose m = 4*y + g - 597, -3*y + 257 = -4*g - 186. Is y composite?
False
Suppose 5*a + 3*w - 4262 = 0, -4*a + 5*w - 4*w = -3413. Let g = a + -174. Is g a composite number?
True
Is (-75)/50 + 435125/10 prime?
False
Suppose -2*i + 44 = -5*a, -5*i - 2*a = 2*a - 44. Let o be (-13)/((-91)/(-147))*2/(-6). Suppose -i*u + o*u + 3395 = 0. Is u prime?
False
Let z = 2514 - 2425. Is z a composite number?
False
Suppose -u = 0, 170 = f + 4*f + u. Suppose 0 = -2*c - 4, -4*p + f = -5*c - 0*c. Let r = 71 - p. Is r a prime number?
False
Let a be 7/(2/40*4). Suppose -11*l + 6*l + a = 0. Is l a composite number?
False
Let x be (4/(-3))/((-6)/9). Suppose -42 = -x*n + 3*o, -2*n - 3*o + 44 = -7*o. Is 2634/54 + 4/n a prime number?
False
Let r(d) = 44*d**3 + 6*d**2 - 4*d - 7. Is r(6) a prime number?
True
Suppose c = -4*z + 37656, -4*z - 24339 + 61975 = -4*c. Is z composite?
False
Let i be (1 - 0) + 1539 + -3. Let w = i - 820. Is w a composite number?
True
Suppose 38*b - 34*b - 58356 = 4*f, 0 = -5*b - 4*f + 72963. Is b prime?
True
Suppose -1 = -2*f + 7. Suppose 2*z + 1744 = 2*u, -f*z = 5*u - 0*z - 4405. Is u a prime number?
True
Let i = -2664 - -5637. Is i prime?
False
Let r(u) be the first derivative of u**3/3 + 7*u**2/2 - 5*u - 1. Let k be r(-8). Suppose 4*x - 4*n - 1304 = 0, k*n + 188 + 1452 = 5*x. Is x prime?
True
Suppose 0*k - 12 = -4*v + 2*k, -2*v - 4*k = -16. Let x(i) = -i**3 + 4*i**2 + 3*i + 2. Let a be x(v). Is a/21*(-771)/(-2) prime?
True
Let f = -2106 - -3524. Is f a composite number?
True
Suppose 0 = -4*f - 5*h + 7912, -f + 5*h + 396 + 1557 = 0. Is f a prime number?
True
Suppose -3*y + 4*v = -30693, -5*v - 9218 - 21475 = -3*y. Is y prime?
False
Is (42/9)/(((-18)/(-5373))/1) a prime number?
False
Let m(v) = -v**2 + 7*v + 5. Let l be m(8). Is 919 + l + (-15)/(-5) a composite number?
False
Let g(b) = 2*b**3 - 7*b**2 - b + 6. Let z be g(3). Let r(f) = -7*f - 5. Is r(z) a prime number?
True
Suppose 61*y = 58*y + 4971. Is y prime?
True
Let m(p) = 80*p - 5. Suppose 10 + 10 = -5*w. Let n = w - -9. Is m(n) prime?
False
Let q be (2/(-3))/((-4)/18). Let i = q + -3. Let a(w) = w**3 + w + 31. Is a(i) composite?
False
Suppose -1320 = -8*i + 4*i. Suppose 0 = 4*c - 986 - i. Is c a prime number?
False
Let i = -11 + 19. Suppose -3*c = m + 6, -i = 4*c + 2*m + m. Is ((-2)/(-3))/(c/(-633)) prime?
True
Let v(u) = -2*u - 16. Let a be v(-9). Suppose 5*g + 3 = 3*h - a, 2*g = 5*h - 21. Suppose g*l - 572 = -2*l. Is l a composite number?
True
Suppose -34*n + 36*n - 20 = 0. Suppose 1118 = 3*x + s, -n*x + 8*x - s = -745. Is x composite?
False
Suppose -8*u + 52 = -12*u. Is ((-63582)/(-39))/2 + 2/u prime?
False
Suppose -4*l + 5*d = -7517, 2*l + 147 = 5*d + 3898. Is l a prime number?
False
Let w(a) = 11*a**3 + a**2 - 3*a + 5. Let u be (-66)/(-42) - (-12)/28. Is w(u) prime?
False
Suppose 4*y = 5132 + 2176. Let q = y + -1270. Is q a composite number?
False
Is ((-154016)/(-48))/((-4)/(-6)) composite?
False
Suppose 62 + 10 = -3*c. Let f be (-80)/c*15/(-2). Let q = f - -186. Is q prime?
False
Suppose -5*z - 2*m + 103863 = 0, 0 = 2*z - m + 6*m - 41562. Is z a composite number?
False
Let f(r) = 11*r + 5. Let b be f(0). Suppose -4*s = -5*y + 6805, b*y - y = -5*s + 5444. Is y composite?
False
Let o(j) = -5513*j - 6. Is o(-1) composite?
False
Suppose 3*k - 10 + 1 = 0. Let q(d) = 11*d**2 - 8 + 4*d**2 - d**k + 31*d - 30*d. Is q(15) a prime number?
True
Let h = -24 - -24. Suppose x = -h*x + 499. Is x a composite number?
False
Let s(r) = 118*r - 10. Let v be s(6). Let o = v - 327. Is o a prime number?
False
Let m = 35 + -79. Let y = -9 - m. Is y composite?
True
Let d = -31 + 64. Let c be (-675)/135*4/(-10)*2. Suppose c + d = b. Is b a prime number?
True
Let s(x) = 3*x - 8*x**2 + x**3 - x**2 + 4*x**2 + 8. Is s(7) composite?
False
Suppose -3*k + 8096 = k. Suppose -k = 6*a - 8*a. Suppose l - 2*l + 253 = -4*w, 0 = -4*l + 4*w + a. Is l a composite number?
True
Suppose -365 = -8*g + 379. Is 160/24*g/4 a prime number?
False
Suppose -3*z = -3*k - 6, -23*z + 26*z - 14 = -5*k. Let h(y) = 13*y**2 - 5*y + 6*y - y**2. Is h(z) a prime number?
False
Suppose 0*w + 4*w = -2*x + 56, -4*x = -5*w - 47. Let h be x/2*(-58)/(-6). Suppose 0 = -5*j + 522 - h. Is j a composite number?
True
Let x(z) = 53*z - 13. Let g be x(-11). Let u be (-28)/7 - g/2. Let k = u + -23. Is k prime?
True
Let u be (-131176)/(-3 + 1) + -3 + 5. Is ((u/(-15))/(2/6))/(-2) a prime number?
False
Suppose 5*o + 2*s = -3*s + 18005, -s = 3*o - 10795. Suppose -2*a + 16 + o = 3*b, -5*b - 2*a = -6027. Is b composite?
True
Let c = 58 + -83. Let x = c + 26. Is (-12)/24*(-1989 - x) a prime number?
False
Suppose 3*n = 15, 2*m + n - 1761 = 2*n. Let z = m - 552. Is z prime?
True
Suppose 8*p - 7*p = 2. Suppose c = -5*v + 1839, 2*c + p*c + 1452 = 4*v. Suppose -2*r + 31 = -v. Is r a composite number?
False
Is 932*(-7)/(196/(-77)) prime?
False
Let r(u) = -14*u**2 - 20*u - 1. Let q(n) = 14*n**2 + 21*n. Let w(d) = 5*q(d) + 6*r(d). Let c(o) be the first derivative of w(o). Is c(-12) a composite number?
True
Suppose -2*m + 1 = -m. Let l = -14 + m. Let z(w) = 3*w**2 - 19*w - 3. Is z(l) a composite number?
False
Let m(a) = 2852*a**2 + 6*a - 9. Is m(2) a prime number?
True
Suppose 0 = 3*z + z + 4, -5*p + 5*z = -15. Suppose -4*c + 6 = p. Is (-2 + c)/((-4)/524) a composite number?
False
Let p(o) = o**2 + o. Let c be p(-3). Let h be 0 + c + (7 - 9). Suppose -424 = -0*f - h*f. Is f prime?
False
Suppose 28 + 456 = 2*b. Let z be (-4 - -1) + -1 + 6. Suppose 4*u + 5*g - 484 = 0, g = z*u - 4*u + b. Is u a prime number?
False
Let h = 26 + -31. Is (h/(-35) - (-16)/(-14))*-913 a composite number?
True
Suppose 0 = 5*z - 0*z - 21150. Suppose z = q - 4*q. Is (-2)/(-3*(-4)/q) prime?
False
Let b(v) = 403*v + 17. Is b(8) prime?
False
Let s(q) be the third derivative of -q**4/24 + 31*q**3/2 + 15*q**2. Suppose 2*k = -k. Is s(k) composite?
True
Is 1*(-8 - -3) - -31386 a prime number?
False
Let g(f) = 410*f + 4. Let m be g(6). Is m/3 - (-3)/(-9) a prime number?
True
Let c(d) = 1361*d - 365. Is c(32) a prime number?
False
Suppose 2*z - 414 = -94. Let a = 829 + z. Is a a composite number?
True
Suppose -m + 89 = 36. Suppose -m*v - 1461 = -56*v. Is v a prime number?
True
Suppose 0 = 4*h + h - a + 30789, 12320 = -2*h - 4*a. Is (h/6)/(2/(-6)) a composite number?
False
Let f be 177*-14*(-4)/12. Let n = 148 + f. Is n a prime number?
False
Suppose 6*h = 57152 + 16354. Is h a composite number?
False
Suppose 5*x + 1083 = 2*x - 3*l, -l + 363 = -x. Let p = x - -1106. Let o = -521 + p. Is o composite?
False
Let v be (1/(-3))/((-3)/18). Suppose v*p + 3*g - 249 = 0, p = 4*p + 5*g - 373. Let l = p - 64. Is l a prime number?
False
Suppose -4*b + 1706 - 534 = 0. Is b prime?
True
Suppose -1496 = 6*y - 10*y. Suppose -4*k + 2*k = -y. Is k prime?
False
Is ((-4)/1 - -5)/((-1)/(-10847)) prime?
True
Let v = -129 - -340. Is v composite?
False
Let i = 58 - -32. Is i/27*(-39)/(-2) a prime number?
False
Suppose 5*p - 5498 = -2*h - 2091, 0 = -h - 2*p + 1705. I